-12. What is the hundreds digit of n + 652/x - -1?
1
Suppose -11*j - 3622 = 1911. Let v = 1429 + j. What is the units digit of v?
6
Let t = -1947 + 1715. Let d = -296 + 177. Let w = d - t. What is the tens digit of w?
1
Let q be -1 - -7 - (3 + -6 - -5). Suppose -l + 8 - q = 0. Suppose -13 = -a + 3*v, -7*a + 69 = -l*a + v. What is the tens digit of a?
2
Suppose -7*s + 5464 = -0*s - 35241. What is the hundreds digit of s?
8
Let n(y) = -100*y**3 + 28*y**3 + 612 + 37*y**3 + 37*y**3 - y - y**2. What is the units digit of n(0)?
2
Suppose 5*u = 8*u - 2*v - 21692, 5*v + 36165 = 5*u. What is the thousands digit of u?
7
Let u = 402 + -427. What is the hundreds digit of u/20*1872/(-6)?
3
Let g be 9/6*(32/(-3))/4. What is the units digit of ((-3)/(-1) + g)*-417?
7
Suppose 108563 = 3*o + y, -74*o - 5*y = -70*o - 144780. What is the tens digit of o?
8
Suppose 2*v - 22784 = -4*z + 21908, 11151 = z - 5*v. Suppose 4*x = -2803 + z. What is the tens digit of x?
9
Suppose -3*f + 1657 + 389 = 0. Suppose 0 = -3*h - 5*b + 15, 0*h + 4*b = -2*h + 8. Suppose h*w = -w + f. What is the units digit of w?
2
Let k(m) = -8830*m - 7985. What is the thousands digit of k(-4)?
7
Let b(c) = -12*c**3 + 2*c**2 + 11*c + 4. Let i be b(-5). Let h = i + -526. What is the tens digit of h?
7
Let y(z) = 2*z**2 + 20*z - 28. Let a be 78/195 + (-186)/(-10). What is the hundreds digit of y(a)?
0
Suppose -130*h + 431*h - 49215 = -278*h. What is the units digit of h?
5
Suppose 6*i + 52 - 142 = 0. Let q be (3 - 32/12)*i. Suppose 0 = 3*a - q*a + 212. What is the units digit of a?
6
Let w(v) = -13*v - 34. Let g be w(-3). Suppose -g*z = 577 - 4602. What is the hundreds digit of z?
8
Let x(o) = o**2. Let y be x(-3). Suppose 659 - y = 5*c. What is the tens digit of c?
3
Let b = 1825 + -192. What is the thousands digit of b?
1
Suppose u - y - 451 = -3*y, 0 = -3*u + 4*y + 1303. What is the tens digit of -3 + u/153 + (-7620)/(-34)?
2
Let b be (-9 - -11)*(-1 + 4) + 0. Suppose -161 - 715 = -b*s. What is the tens digit of s?
4
Suppose 0 = 4*w - 2*w - 2. Let a(s) = -93*s**2 - 9*s - 5. Let h(r) = 92*r**2 + 14*r + 7. Let t(v) = -3*a(v) - 2*h(v). What is the tens digit of t(w)?
9
Suppose -2*s + 20 - 6 = 0. Let x(v) = v**3 - 6*v**2 + 7*v + 21. What is the units digit of x(s)?
9
Let z(i) = 34*i - i**2 + 3 + 3 - 24*i - i**2. Let c be z(5). What is the units digit of ((-105)/(-14) - c)*296/3?
8
Let m(t) = 21*t**2 + 26*t - 50. Let s be ((-30)/(-25))/(3/10). What is the hundreds digit of m(s)?
3
Let j be 14/35 - 28/(-5). Let c be (-60)/8*28/j. Let f = 9 - c. What is the tens digit of f?
4
Let v be 379 + 0 - (-15 + 15). Let t = v + -42. Suppose -3*u + 233 = -t. What is the units digit of u?
0
Let m = -61960 - -96053. What is the tens digit of m?
9
Let i be (-535)/(-75) - 4/30. Suppose 0 = -r - d + i + 544, -5*r = 4*d - 2756. What is the hundreds digit of r?
5
Let b(f) = 0*f - 13*f - 2*f**2 + 2*f - 4*f**2 - f**3 + 5*f + 2. Let p(w) = -w - 1. Let s be p(4). What is the units digit of b(s)?
7
Suppose -9*k + 68001 = 14*k - 4*k. What is the units digit of k?
9
What is the ten thousands digit of (-9403569)/1015*(-10)/3?
3
Let h be 21 + -14 - 20*-4. Suppose -h*y = -84*y - 690. What is the hundreds digit of y?
2
Suppose 4*l - 499991 - 439657 = -20*l. What is the units digit of l?
2
Let v(q) = -3*q - 11. Let h be -3 - (-1*4)/(2/(-5)). Let x be v(h). What is the tens digit of (-6)/(-21) - (-3 + (-636)/x)?
2
Let s(g) = -g**2 - 18*g. Let d = -15 + 19. Suppose 0 = -i + 5, 0 = 3*u + d*i + 31. What is the tens digit of s(u)?
1
Let w = 1903 - 1344. Suppose 3*j - j - o - 226 = 0, 5*j - 4*o = w. What is the tens digit of j?
1
What is the hundreds digit of 126/(-462) + (10816/11 - 1)?
9
Let y(k) = -44*k - 3519. What is the hundreds digit of y(-103)?
0
Let c(k) = -13 + 5 - 13 - 81*k. Let l(a) = 112*a + 558. Let u be l(-5). What is the units digit of c(u)?
1
Let x = 145 + -117. Suppose -1023 + x = 5*b. What is the tens digit of (-5)/(-5) - b - 3?
9
Let s(d) = -d**3 + 53*d**2 - 47*d - 8. Let j be s(52). Suppose 0 = 4*a - 5*c - 22, -5*a + 0*a + 50 = 5*c. Suppose j = -a*y + 11*y. What is the units digit of y?
4
Let v(z) = 514*z**2 + z - 28. What is the hundreds digit of v(6)?
4
Let v(g) = 94*g**3 - 3*g**2 + 36*g - 46. What is the thousands digit of v(3)?
2
Suppose 167*r + 1532952 = 239*r. What is the units digit of r?
1
Let s(z) = z - 4. Let i be s(7). Suppose 2*q - 3*v = -i - 0, -5*q + 27 = 4*v. What is the units digit of ((-1)/(6/(-464)) - 1)*q?
9
Let o(u) = 521*u**2 - 2*u - 1. Let h = -163 - -162. What is the hundreds digit of o(h)?
5
Let l(b) be the third derivative of 11*b**4/24 - 5*b**3/6 - 17*b**2. Let y be l(10). Suppose 3*i - y - 51 = 0. What is the tens digit of i?
5
Suppose 44*p = 43*p + 6. Suppose 0 = 6*w + p*w. Suppose -4*o - 15 - 1 = w, 5*a - 541 = -o. What is the tens digit of a?
0
Let q(i) = i**3 - 11*i**2 - 31*i + 8. Let y be q(10). Let w = -228 - y. Suppose -w = -5*d + 226. What is the tens digit of d?
8
Suppose -13 + 15 = 2*m. Let n be (-2 + 6)/(3 - 3 - m). What is the tens digit of 79 + (-6)/n*12/(-9)?
7
Let l(k) = -297*k**2 - 8*k + 2. Let i(d) = -296*d**2 - 7*d + 1. Let t(o) = -4*i(o) + 3*l(o). What is the hundreds digit of t(-1)?
2
Let u(q) be the first derivative of -q**3/3 + 3*q**2 - 5*q + 27. Let m be u(5). Suppose -207 = -l - m*l. What is the hundreds digit of l?
2
Suppose -5*g + 3*s - 4 = -11, 0 = -5*g - 2*s + 12. Suppose -g*a + 3*a - 119 = 0. Let x = a + -107. What is the tens digit of x?
1
Suppose -7 - 3 = 5*u, -4*u = -5*g + 3. Let l(f) = -234*f**2 - f - 1. Let j be l(-1). What is the tens digit of (-12 + 10)/((-230)/j + g)?
1
Let v(c) = -116*c. Let p be v(4). Let w = 108 - p. What is the tens digit of w?
7
Let a = -4312 - -22077. What is the ten thousands digit of a?
1
Let b be (-1 - 1/(-7))*(-3 - -10). Let n(r) = -51*r + 38. What is the tens digit of n(b)?
4
Let o = -936 + 3504. Suppose -6*k = -p - 9*k + 500, 2*k = 5*p - o. What is the hundreds digit of p?
5
Suppose 15271 - 157581 = -19*n. What is the thousands digit of n?
7
Suppose -12*h + 10*h = 46. Let k = h + 69. Let m = 99 - k. What is the tens digit of m?
5
Let b(l) be the first derivative of 1/2*l**2 - 14 + 4*l**3 - 2*l. What is the tens digit of b(-2)?
4
What is the thousands digit of (-1)/((-72)/127026)*4?
7
Let a be 26/(-10) + 2/(-5). Suppose -509*u - 6989 = -480*u. What is the units digit of u/a + (-6)/(-9)?
1
Suppose -135 = 3*i - 513. Suppose 73*m = 53*m + 4900. Let w = m - i. What is the tens digit of w?
1
Suppose -5*w + 2205 = -4*f, 5*f + 2*w + 803 + 1945 = 0. Let z = f - -689. What is the units digit of z?
9
Suppose 0 = 5*f - l - 5534 - 669, 0 = -4*f + l + 4962. Suppose 5*z + f = 3*o, -o = -24*z + 25*z - 427. What is the tens digit of o?
2
Let g = -6727 + 13841. What is the tens digit of g?
1
Let l(n) = 782*n + 15736. What is the ten thousands digit of l(53)?
5
Suppose 2*r = -4*t + 930, 5*r - 687 = -5*t + 2*t. Let v = t + 205. What is the hundreds digit of v?
4
Let o = 46 - 44. Let g(q) = 0*q + 0*q - q**2 + 9*q**o + 4*q. What is the tens digit of g(-2)?
2
Let v be (-48)/(-20) + 3 - (-4)/(-10). Suppose 4*g - 1867 = -v*d, g - 4*g + d + 1405 = 0. Suppose q + 11*q = g. What is the tens digit of q?
3
Suppose 25*d - 59665 - 37535 = 0. What is the units digit of d?
8
Suppose -5*m + 145 = -0*g + 2*g, -2*g - 145 = -5*m. Let t = 29 - m. Suppose 3*p - 2*b - 356 = -t*p, 3*p + b = 362. What is the tens digit of p?
2
Let h = -46 - -57. Let i be 3 + 2 - (1 - (-4 - -2)). Suppose i*o + 19 = 4*v - 81, -4*o = -v + h. What is the tens digit of v?
2
Suppose -w - 2*y + 10 = 0, 21*w = 25*w + 2*y - 16. Suppose -136 = -w*o + 152. What is the hundreds digit of o?
1
Let t(l) = 2931*l**2 + 59*l + 259. What is the thousands digit of t(-4)?
6
Let f = -538 - -543. What is the tens digit of (9 + 16)*158/f?
9
Let q be (-4 + 14/4)*0. Suppose 93*f - 92*f - 387 = q. What is the units digit of f?
7
Suppose -4181621 - 4521878 + 774613 = -294*d. What is the ten thousands digit of d?
2
Suppose -4*o = -4*u - 1176, -42 = -u - 44. Let c = o - 192. What is the tens digit of c?
0
Let n(h) be the third derivative of h**5/10 - 17*h**4/24 + 13*h**3/6 - h**2 - 12*h. What is the tens digit of n(8)?
6
Let s(b) = b**3 + 10*b**2 - 12*b - 2. Let l be (9/4)/((-6)/(-184)). Let a = 60 - l. What i